value of -7 - -27 - (0 - (3 + -6))?
17
Calculate -12 + -12 + 9 + 23 + -10.
-2
What is the value of -114 + 69 + (0 + 24 - 4)?
-25
-1 + (-5 - -4) - (21 - 44)
21
What is -22 - (13 - (1 + 21))?
-13
What is -2 - (2 + 2) - (9 + -6 + -6)?
-3
Calculate (-6 - -3) + -51 + 39 - -21.
6
What is the value of -68 - -98 - (-3 - -21) - 43?
-31
Evaluate -37 + 2 + 10 + 38.
13
What is the value of 0 + 10 + -32 + 23 + (-6 - 2)?
-7
What is (-79 - -57) + (-6 - -3 - -14)?
-11
Evaluate (2 - -15) + (-3 - (4 - 1) - -4).
15
What is 13 + (-79 + 36 - -27)?
-3
13 + (2 - 12) + 4 + -8
-1
What is the value of (4 + (-8 - (-9 + 7)) - 1) + 10?
7
Evaluate (0 - -2 - 9) + (-148 - -134).
-21
What is (27 - 3) + (31 - 13 - 22)?
20
-3 + -18 + 1 + -7 + 9 + 2
-16
14 + (-7 - (-4 - -8))
3
What is -4 + -7 + -5 + (7 - -2)?
-7
What is the value of 52 + (-1 - 32) - 31?
-12
0 + -4 + (-14 - -15) - (-4 + 5)
-4
Evaluate 28 + 4 + 2 - 3.
31
Calculate -2 + -1 + (8 - 0 - 17) + 16.
4
3 - 0 - (-8 + 2) - (408 - 390)
-9
What is ((2 - -6) + -13 - -5) + -3 + 19?
16
Evaluate -35 + (36 - (-25 - 2)).
28
What is 20 - (1 - -3 - (-15 + (-4 - -17)))?
14
What is the value of -8 + (1 + -7 - (49 + -58)) + -1?
-6
What is -17 + (-5 - -6) + 23?
7
Calculate 12 + (-1 + 6 + (10 - 13) - 11).
3
Calculate 93 + -70 + (0 + -14 - -3).
12
Evaluate (11 - -2) + -4 + 3 + -11.
1
What is the value of (0 - 4) + -7 + (-15 + 6 - -1)?
-19
Evaluate 18 - (-9 + 33) - -25.
19
What is the value of (53 - -28 - 29) + -27?
25
What is -7 + (-10 - (-4 - ((5 - -2) + -6)))?
-12
Evaluate -5 + -7 - (-2 - 14).
4
What is the value of 3 + -10 - (4 + -19 - -31)?
-23
Calculate 24 - (22 - (24 + -14)).
12
What is the value of -3 + -2 + 7 + 3 - 8?
-3
Evaluate 1 - -1 - (41 + 14 + -63).
10
(-9 - -14) + -5 - (-3 - 0)
3
What is (-4 - -9) + -8 + 23 + -18?
2
What is the value of 4 - (13 + (5 - 14) - (-2 + -2))?
-4
Evaluate -1 + -2 + (37 - 36 - (-3 + 11)).
-10
What is -28 - (11 + -32 - 9)?
2
30 + 7 + -73 - (-9 - (-3 + 3))
-27
Calculate -16 - (-11 + 9 + 14 - 20).
-8
Calculate (-8 - 1 - -8) + 8 - 16.
-9
What is -15 + 61 + -25 - (4 + (7 - 3))?
13
What is the value of -22 + 1 - (29 - 42)?
-8
Calculate (6 + -1 + -15 - (-13 - -17)) + -8.
-22
What is the value of -31 + (-2 + 1 - (22 + -26) - -5)?
-23
Calculate -4 + (2 - 3) + (6 - 4).
-3
What is -1 + -4 - (-36 - (-44 - -23))?
10
Calculate -8 - (4 + (-20 - (-20 + 13))).
1
What is the value of (2 - -5) + (-1 + (-6 - -11) - 5)?
6
-12 + 0 + (-177 - -179) + -9 + 0
-19
67 - 26 - 8 - ((-1 - 3) + 0)
37
What is the value of -8 + 1 + (45 - 8) + -48?
-18
Calculate -51 + 5 + 33 - (-28 - 1).
16
0 - (0 + -5 - (-47 - -50))
8
Evaluate (-2 + -19 - (-11 + 5)) + 5 + 4.
-6
Evaluate 2 - (14 + -7 + 1 + (2 - -2)).
-10
(3 - (-10 - (-11 + 4))) + -1 + -2
3
What is the value of 8 - (-11 + 7 + 7 + 5)?
0
Calculate -10 + 5 - (7 - 8) - -1.
-3
Evaluate (4 - 6 - -10) + 4 + -34.
-22
-1 + 8 + -1 - (72 + -56) - -7
-3
Evaluate -1 - (1 + -1) - (356 - 352).
-5
Calculate 3 + (-20 - (-3 - (3 - 4))).
-15
Evaluate 5 + -6 + 1 + (1 - 0).
1
Evaluate 8 + (-3 - (1 - (3 + 3) - -2)).
8
What is the value of -2 - -9 - (11 - (14 - 12) - -9)?
-11
What is 6 + -6 + (7 - 7) + 0 - 7?
-7
What is the value of 22 + (-11 - -10 - (1 - -7))?
13
-1 + (-3 - (-2 + (-5 - -5)) - 6)
-8
What is the value of (3 - -3) + (0 - (16 + -11) - -1)?
2
10 + (-18 - -12) + -11
-7
What is (33 - 24 - (1 - -13)) + 0 + 1?
-4
Calculate 4 - (-27 - (-38 - -19)).
12
(-6 + 2 - -17) + -8
5
What is -6 + (27 - -10) + -13?
18
What is (-1 - -30) + (1 - (17 + (-12 - 2)))?
27
Evaluate -10 + (-3 + (0 - 2) - (-8 + 5)).
-12
Calculate (-1 - -3) + -7 - (-2 + 16 + -8).
-11
What is 13 + -3 + -146 + 146?
10
(-69 + 77 - (1 - (-2 + 1))) + -13
-7
What is the value of 49 - (22 + -15 + 18)?
24
What is the value of 0 + (-30 - -17) + (3 - -36)?
26
What is the value of 24 + -43 + -5 + 12?
-12
What is the value of 31 - (32 + -8 + -10)?
17
Calculate (-1 + 7 - 4 - 5) + (-188 - -190).
-1
(12 - 0 - 26) + -25 - (-1 + -5)
-33
What is the value of -10 + (1 - (-17 - -3)) + 0 + 22?
27
-8 + 1 + (-22 - -35 - 31)
-25
10 + 5 + 2 + -5 - (6 + -13)
19
Evaluate -19 + (0 - 7 - -20).
-6
Calculate -15 - (3 + -6 - 4) - 3.
-11
What is 2 + -14 - (-13 + -1)?
2
What is the value of 3 - ((-4 - -11) + 20)?
-24
Evaluate 1 + (30 - 15) - -2.
18
What is -6 + -2 + 9 + 1 + 9 + 0?
11
What is -62 + 18 - -20 - 16?
-40
10 + (17 + 11 - 31)
7
-23 - (-8 + -3 + (-1 + 9 - 5))
-15
What is 7 + (0 + 4 - (0 + -8 + 2))?
17
What is the value of -2 - -1 - (-8 + -11 + 24 - 6)?
0
Evaluate -9 + 7 - (-4 - -9).
-7
-5 - -3 - -8 - (15 + 7 + -8)
-8
What is the value of (9 - -17) + (3 - (1 + 10))?
18
What is the value of (-5 - 3) + (-19 + (-10 - -10) - -11)?
-16
Calculate 38 + -2 + 0 + -7 - (4 + 5).
20
2 + -14 + 8 + 9 - 5
0
(-75 - -22) + 37 + -13
-29
-2 + 1 - (1 + 23) - (-673 + 676)
-28
What is (-48 - (-20 - -23)) + 28?
-23
What is the value of 50 - 58 - (1 + -12 + 0)?
3
Evaluate (16 - (5 + -4 - -4)) + -3 + 9.
17
3 + (10 - 11) - (-3 - 2)
7
What is (-8 - -5) + 8 - (6 + 8 + -23)?
14
What is 13 - (-26 + 22 - (-12 + 0) - 5)?
10
31 - 19 - 40 - -25
-3
Evaluate -15 - -4 - 25 - ((-2 - 2) + 0).
-32
What is the value of (37 - 14 - 2) + -2?
19
What is 15 - (8 + 0 + -4) - -3?
14
Evaluate -688 - -700 - (2 + (2 - 7)).
15
Calculate (-5 - (-3 + 2 + 1)) + 61 + -73.
-17
What is the value of 11 - 27 - -17 - -12?
13
What is -1 + -3 - (-173 - -150)?
19
Calculate 16 + -56 + 32 + -17.
-25
What is the value of -3 + -9 + -13 + 16?
-9
Calculate -15 - ((2 - 20) + -1).
4
Calculate (2 - -2) + 2 + (-32 - -32).
6
What is 8 - (2 + 16 + -2 - -13)?
-21
Calculate 0 + 17 + (-3 - (-1 + 5 + -1)).
11
Evaluate -14 - (-71 + (-1 - -47)).
11
What is 5 + 4 + -15 + 5 + 2?
1
What is (2 - -3 - (23 + 9 + -7)) + -2?
-22
What is 24 + -49 + 9 - -14?
-2
What is the value of -2 - (-3 - -1) - 2 - (-4750 - -4731)?
17
(-20 - (-52 + 22)) + -13
-3
-2 + (-30 - (9 + -27))
-14
-12 + 9 - (12 + 6)
-21
What is the value of (-1 - (-1 - -6)) + (-6 - -8) + -1?
-5
Calculate -23 + 8 - (-9 - (6 + -9)).
-9
Evaluate 14 - (-2 - (-10 + -5)).
1
What is -3 + (-2 - 7) + 1?
-11
-15 - (1 + 2 - 0) - (14 + -6)
-26
Calculate (-4 - (-8 + 0 + 7 - 0)) + 7.
4
What is the value of 7 + 0 + -12 + 3 + 7 + 19?
24
What is -1 + -14 + 17 + 0 + -4?
-2
What is the value of 37 + (14 - 11) + -19?
21
-2 + (14 - -3 - 9) + (-2 - 0)
4
What is (14 - 14) + (14 - 17)?
-3
Evaluate -20 + (-19 - -29) + -6.
-16
Calculate 3 + -3 + 12 + (2 - 7).
7
Evaluate (-1 - 7) + 253 + -238.
7
What is -8 + (-21 + 16 - 12 - -7)?
-18
Calculate -14 + 1 + (-16 - 3) + 53.
21
-3 + 2 + -17 + 11 + 4 - 5
-8
Evaluate 149 - 137 - ((1 - 3 - -4) + -1).
11
Evaluate (-6 - -10) + ((-1 - 9) + 7 - 3).
-2
Evaluate -1 + -4 + (-3 - ((-15 - 12) + 3)).
16
35 - 20 - (4 + -1)
12
What is -6 - (-3 + 9 + (-7 - 1))?
-4
Evaluate 222 + -217 - (0 + 2).
3
What is the value of 17 + (-2 - -7) + -7?
15
Calculate -27 + (-8 - -25) + -22 + (-1 - -2).
-31
Calculate -5 + 12 + -9 + 0 + -2 + 4.
0
Evaluate -6 + (-33 - -20 - -11 - -5).
-3
Calculate -44 + -1 - (3 + -7) - -18.
-23
Calculate 8 + -6 + 1 + 8.
11
Calculate (11 - 3 - 2 - -4) + -2 + -1.
7
Evaluate -7 + 8 + 2 - (-7 - 5).
15
7 - (-14 - -7) - (9 - 4)
9
What is (21 - 5) + -10 + 3 + -2 + 5?
12
What is -214 + 226 + (2 - 29)?
-15
17 - (8 + 7) - 7
-5
Evaluate 5 - 0 - -13 - 13.
5
What is 1 - 3 - 0 - (30 - 4 - -6)?
-34
What is 509 + -508 - (2 + (17 - -2))?
-20
What is (1 + -7 - -8) + (18 - (2 + 14))?
4
What is 1 + 5 - -9 - 17?
-2
What is 15 - (0 - -17) - (-2 + -4)?
4
Evaluate -7 - 2 - (-38 - -36).
-7
Calculate -1 + -4 - (-10 - (-32 + 9)).
-18
Evaluate (34 - (64 + -3)) + 40.
13
What is the value of -9 + 7 + 8 - ((-4 - 3) + 5)?
8
250 + -233 - (-3 - -6)
14
Evaluate (194 - 171) + 0 + -8.
15
What is the value of (367 - 383) + (0 - -9 - -1)?
-6
What is (-21 - (20 - 33)) + (1 - 1)?
-8
What is the value of 3 + (10 + -3 - 14 - -6 - -2)?
4
What is -1 - (11 + -32 + 2 + 2)?
16
What is 1 - 27 - (21 + -41)?
-6
What is 3 - -3 - (31 - 18) - (4 - 13)?
2
(5 - 1) + 55 + -47
12
What is -21 - -3 - (-6 - 18)?
6
(25 - 36) + (26 - 0 - -5 - 3)
17
What is (-1 + -11 - -8 - 5) + 11?
2
Evaluate 10 - (3 - (24 - 7 - 8)).
16
Evaluate (-4 - (1 + 4)) + 16 + -9 + 9.
7
What is the value of (15 + -27 + 10 - -1) + 36?
35
-6 - (6 - (38 + -39 + 6 + 0))
-7
What is 10 + (15 - 3) + -15?
7
Calculate 20 + -3 - ((0 - 7) + (4 - 6)).
26
Calculate (6 - (-9